u - 4*p = 12 + 4. Let o(a) = 3*a + a**3 - 6*a**2 + 6*a - 7 - u*a - 3*a. What is o(6)?
5
Suppose -2*n + 5 = -n. Let z(r) be the second derivative of r**5/20 - r**4/3 - r**3/3 - 5*r**2/2 - 2*r - 4. Calculate z(n).
10
Let m(a) = a + 6. Suppose 4 = 5*v + h + h, 7 = 2*v - h. Suppose -t - 2*r = 7, t = -v*t + r. Let d be (-7)/t*-1 - -2. What is m(d)?
1
Let w(m) be the third derivative of m**5/60 + m**4/6 - m**3/2 - 31*m**2. Determine w(-3).
-6
Let d(n) be the first derivative of -n**2/2 + 4*n + 2. Let r = -6 + 12. Calculate d(r).
-2
Let s(y) = y**3 - 5*y + 6 - 4*y**2 - 7 + 0*y. Calculate s(5).
-1
Let d(o) be the third derivative of o**6/120 + o**5/10 - o**4/4 + 5*o**3/6 - 3*o**2. What is d(-7)?
-2
Let x(s) = -s**2 - s + 3. Let f be (-3)/(-2) + 45/(-30). Calculate x(f).
3
Let f(a) = -3*a**2 - 4*a - 2. Let j = 6 - 8. Let g be f(j). Let p(c) = c**3 + 6*c**2 + c + 5. Determine p(g).
-1
Let b(j) = j**3 + 4*j**2 + j + 4. Let x be 4/(-5)*(-5)/2. Let k = 4 + x. Suppose -k*w + 4*w = 8. What is b(w)?
0
Let v(a) be the second derivative of a**4/12 - 7*a**3/6 - a**2 - 6*a. Calculate v(7).
-2
Let n(r) be the third derivative of r**4/24 - 5*r**2. Calculate n(0).
0
Suppose -9*h = -4*h. Let d(s) be the third derivative of s**6/120 - s**4/24 - s**3/2 + 4*s**2. Calculate d(h).
-3
Suppose 4*d + d + 5*j = 50, -5 = 2*d - 3*j. Suppose -2*r = 2*r - 5*m - 3, -d*r - 2*m - 21 = 0. Let n(f) = 4*f + 3. What is n(r)?
-9
Let g(v) be the second derivative of -v**4/12 - 4*v**3/3 + 5*v**2/2 - 8*v. Determine g(-6).
17
Let h(k) be the first derivative of -2/3*k**3 + 1 - 1/2*k**2 - 1/4*k**4 + 2*k. Give h(-2).
4
Suppose 5*k - 14 = 2*g, 3*k - 6 = 4*g + 8. Let f(w) = 4*w + 3. Let l(i) = 4*i + 3. Let s(b) = -3*f(b) + 4*l(b). What is s(g)?
-5
Let b(l) = -l - 1. Let c(f) = f**2 - 11*f - 9. Let q(a) = -6*b(a) + c(a). Calculate q(6).
3
Let l(o) = -o + 4. Let j be (3/3)/(3/27). Let k be (-2)/(-3)*(0 + j). Calculate l(k).
-2
Let m(q) = -3*q - 1. Let x be m(-2). Let y(s) = -3*s + 4. Let o(v) = 7*v - 8. Let u(k) = x*y(k) + 2*o(k). Determine u(5).
-1
Let y(x) = x + 6*x - x. Determine y(1).
6
Let f(b) = b**2 + 8*b. Let i be 4/(1 + 1) - 7. Let a(p) = -2*p**2 - 15*p + 1. Let l(w) = i*f(w) - 3*a(w). Give l(-4).
-7
Let g(b) = b**2 + 2*b - 3. Let k be (4/(-6))/((-18)/54). Calculate g(k).
5
Let g be (-1 - 0 - -8) + 1. Let c(m) = g*m + 2*m**2 + 3 + 0 - m**2. What is c(-7)?
-4
Let d(f) = f**2 + 8*f - 2. Let n = 26 + -34. What is d(n)?
-2
Let r(g) be the third derivative of 0*g**4 + 0*g + 0 + 1/6*g**3 - 1/60*g**5 + 2*g**2. Let c be r(2). Let i(a) = 2*a + 3. Give i(c).
-3
Let f(o) = -5*o - 3 + 6*o + 5. Determine f(-3).
-1
Let w(x) = -x**3 - 5*x**2 - 6*x - 5. Suppose -4*m = -6*m - 8. Calculate w(m).
3
Let s(z) = z**3 + 2*z**2 + 3. Let g be s(0). Let x(d) = -2*d**2 + d - 2. Calculate x(g).
-17
Let o(d) be the first derivative of d**2/2 + 2*d + 1. Let r(g) = g + 2. Let i = -1 - 6. Let q(w) = i*r(w) + 6*o(w). What is q(-2)?
0
Suppose d + 7 = -0*d. Let r(y) = -1 + 2*y**3 - 13*y + 5*y + 6*y**2 + 0 - y**3. Let h be r(d). Let x(w) = -w**2 + 4*w + 8. What is x(h)?
-4
Let m(z) be the first derivative of -z**4/4 - 4*z**3/3 + 3*z**2/2 + 6*z + 2. Let t = 6 - 4. Suppose -3*i + 3*c - 10 = 5, 5*i = t*c - 22. Determine m(i).
-6
Let z(c) = 2 + c - 3*c + 2. Suppose -33 = -5*p + 3*y - 9, y - 9 = -4*p. Calculate z(p).
-2
Suppose -5*w + 428 = 4*g, 2*w - 55 = -3*g + 119. Let r(o) = -o**3 + 82*o - 2*o**2 - w*o + 3*o**3. Calculate r(2).
4
Let v(i) = -i**3 - 6*i**2 - 2*i - 8. Suppose 0 = 2*h - 3*h + 4. Let m be (6/h)/(1/(-4)). Let y be v(m). Let l(s) = -s**3 + 4*s**2 + s - 3. Determine l(y).
1
Let d(b) = b**3 - b**2 + 1. Let m(t) = 3*t**3 + 3*t**2 - 4*t. Let s(v) = 2*d(v) - m(v). Calculate s(-6).
14
Let u(c) be the first derivative of c**5/20 + c**4/4 - 2*c**3/3 + c - 1. Let x(g) be the first derivative of u(g). Give x(-4).
0
Suppose -l + 6*l = 10. Suppose v + l*v = 0. Let u(o) = v*o - o + 1 + 7*o. Calculate u(1).
7
Let d = 1 + -1. Let b(l) = d - l - 3 - 3. Suppose 3*g = g - 3*s + 5, -5*s + 15 = 2*g. Determine b(g).
-1
Let a(q) = -q + 2*q**2 + 2*q**2 - 5*q**2 + 13. What is a(0)?
13
Let b(c) = c**2 - 2*c - 3. Let q be b(3). Suppose 4*y + 7 = -5*t, 5*t - 4 = -3*y - 13. Let l(d) = 3 + 12 - 6 + d**y. Determine l(q).
9
Suppose i = 5*f + 3*i - 29, 0 = f - i - 3. Suppose -2*o = -5*j - 12, -22 = f*o - j - 6. Let q(g) = -g + 1. What is q(o)?
5
Let z(u) = -u**3 - 6*u**2 - 5*u + 4. Let w(p) = p**3 + 7*p**2 - 2*p + 6. Let j be w(-7). Suppose 3*h - 5 + j = 0. What is z(h)?
4
Let b(r) be the second derivative of -r**3/3 - 3*r**2 + 2*r. Let n be b(-4). Let y(q) = 5*q + 2*q**2 + 2*q**n - 2 - 3*q**2. Determine y(-4).
-6
Let h(p) be the third derivative of 0 + 0*p - 10*p**2 - 1/12*p**4 - 4/3*p**3. Calculate h(-6).
4
Let i(x) = -x**2 - x + 3. Let r be i(0). Let o(b) = -b**3 + 4*b**2 + b - 1. Let w(a) = -a**2 + a + 1. Let j(d) = o(d) + 2*w(d). Calculate j(r).
1
Let c = 5 - 3. Let s be (3/c)/(6/(-8)). Let y(i) = -4*i - 2. Let l(g) = -1. Let n(t) = l(t) + y(t). What is n(s)?
5
Let v(d) = 27 + 4*d - d**2 - 6 - 8 - 11 - d**3. What is v(-3)?
8
Let m be (3 + 0)*10/(-6). Let x(t) = t**3 + t**2 + t + 1. Let g(a) = 4*a**3 + 11*a**2 + 3*a + 8. Let u(l) = m*x(l) + g(l). Determine u(6).
-9
Suppose 2*n = 3*n - 3. Let m(t) = 7*t**2 - t**3 - t - 2*t**2 - t**2. Give m(n).
6
Let g(y) = -3*y**2 + 7*y + 3. Let n(r) = -r**2 + r. Let o(q) = g(q) - 5*n(q). What is o(-2)?
7
Suppose -6*t = -t - 25. Let d(v) = 5*v**2 + 3*v + 3. Let j(w) = 4*w**2 + 2*w + 2. Let o(q) = t*d(q) - 6*j(q). Suppose -4*b - 15 = -7. What is o(b)?
1
Let p(n) = n + 13. Let z be p(-9). Suppose -k - 4*v = -6, -8*k + 4*v + 6 = -3*k. Let i(f) = f**3 + 2 + z - 4*f + 3*f + f**k. Give i(0).
6
Let h(z) = -z - 3. Let c(v) = 2*v + 6. Let s be 46/(-10) + 2/(-5). Let t(b) = s*h(b) - 3*c(b). Calculate t(4).
-7
Let g(m) = 0 - 3 - 13*m + 31*m - 17*m. Let u(z) = z**3 + 6*z**2 + 6*z + 2. Let a be u(-5). Determine g(a).
-6
Suppose 5*r = -4*q + 30, -r = -0*r - 5*q - 6. Let c(y) = -5*y**2 - 2 + 4*y**2 - 5*y + r*y + 2*y. Determine c(4).
-6
Let k = -17 + 12. Let b(a) = 3*a. Give b(k).
-15
Let q(k) be the third derivative of -2*k**2 - 1/6*k**3 + 0*k + 1/12*k**4 - 1/60*k**6 + 0 - 1/60*k**5. Give q(-2).
7
Suppose 4*j = 2*w - 2, -3*w = 2*w + 5*j + 55. Let d = 3 + w. Let i(l) = -l**3 - 4*l**2 + 3*l + 4. What is i(d)?
-8
Let p(j) = -3*j - 2. Let y be -2*(-4)/(-16)*6. What is p(y)?
7
Let o(z) = z**3 + 2*z**2 - z + 3. Suppose f - 4 = 0, -2*w - 2*f + 6 = f. Give o(w).
-3
Let q(s) be the third derivative of s**5/60 + s**4/24 - s**3/2 + 7*s**2. Determine q(-3).
3
Let l(h) = 2*h - 2*h + 2 + h. Let v be (-52)/3 - (-8)/(-12). Let r be 172/36 + (-4)/v. Calculate l(r).
7
Let g(q) = q**3 - 5*q**2 + q - 7. Let i = 11 + -8. Suppose -2*y + 3*y = i. Suppose 2*j + 3*j = -n - 20, 0 = 3*n + y*j. Give g(n).
-2
Suppose -8 = 4*h - 0*h. Let d(b) = 2*b + 2. Let f be d(h). Let r(o) be the first derivative of o**4/4 + 2*o**3/3 - 2*o - 3. Determine r(f).
-2
Let k(n) be the third derivative of 0*n - 5/6*n**3 - 1/12*n**5 - 1/24*n**4 - 3*n**2 - 1/120*n**6 + 0. Calculate k(-5).
0
Let j(u) = -11*u + 2. Let a(x) = -4*x + 1. Let s(p) = 8*a(p) - 3*j(p). Determine s(-4).
-2
Suppose 4*x - 23 = -3. Let s(u) = u - 8. Determine s(x).
-3
Let m be -1 + (1 - (-2 + -1)). Let x(u) = -m*u**2 - 7 + 1 + u**3 + 3*u**2. Let v be 1*(-4)/(-2) + -2. Determine x(v).
-6
Let j(z) = z. Let k(b) = -b. Let x(d) = -5*j(d) - 4*k(d). Suppose 5*m - 10 = 5*v, 3*m - 25 + 3 = -5*v. Let t = 0 + m. Give x(t).
-4
Suppose -4*k - k = 65. Let m = k + 8. Let w(i) = i**3 + 6*i**2 + 5*i + 2. Calculate w(m).
2
Let u = 2 + -4. Let s(i) be the third derivative of -i**6/60 - i**5/30 + i**4/12 - 22*i**2. What is s(u)?
4
Let l(u) = 0*u + u - 1 - 9*u. Let n = 1 - 2. Calculate l(n).
7
Let u(g) = 3*g - 11. Let w(v) = -v + 6. Let l(a) = -3*u(a) - 7*w(a). Calculate l(-7).
5
Let r(m) = -m**2 + 9*m - 9. Suppose -9*t + 105 = 6*t. Determine r(t).
5
Let p(t) = -t - 17*t**3 + 18*t**3 + 2*t**2 + 6 - 5. Suppose 2 = x - 3*x + n, 3*n - 6 = 2*x. Let g = -2 - x. What is p(g)?
3
Let v(m) be the third derivative of 3*m**2 - 7/24*m**4 + 0*m - 1/6*m**3 + 0. Determine v(-1).
6
Let w(r) = -r**2 + 7*r - 2. Suppose -3 = -p - 0*p. Determine w(p).
10
Suppose w - 3*w + 30 = 0. Suppose -5*v + 30 = w. Let c(m) = m**3 - 3*m**2 - 4*m + 4.